 divide 323743?
False
Does 7 divide 2388295?
True
Is 59 a factor of 298127?
True
Is 14 a factor of 2494842?
True
Does 14 divide 12877299?
False
Does 4 divide 113388?
True
Is 558 a factor of 852624?
True
Is 11152211 a multiple of 137?
True
Does 2 divide 16509?
False
Does 18 divide 356110?
False
Is 61 a factor of 207156?
True
Is 25307 a multiple of 2?
False
Is 5152 a multiple of 2?
True
Does 18 divide 912129?
False
Is 176620 a multiple of 52?
False
Does 107 divide 622139?
False
Is 61 a factor of 825000?
False
Is 39 a factor of 64393?
False
Is 64 a factor of 61888?
True
Is 473280 a multiple of 116?
True
Is 87210 a multiple of 51?
True
Is 98010 a multiple of 27?
True
Is 208 a factor of 227700?
False
Is 155 a factor of 1969430?
True
Does 115 divide 76705?
True
Does 86 divide 1694286?
True
Does 6 divide 2485985?
False
Is 157976 a multiple of 182?
True
Is 14 a factor of 2333685?
False
Does 12 divide 3552?
True
Is 2431072 a multiple of 12?
False
Does 61 divide 15913278?
False
Is 196779 a multiple of 3?
True
Does 584 divide 10033829?
False
Is 54828 a multiple of 2?
True
Is 16 a factor of 49401?
False
Does 24 divide 1382832?
True
Is 11 a factor of 7062?
True
Is 8 a factor of 18013?
False
Does 36 divide 120988?
False
Does 36 divide 210127?
False
Does 8 divide 732464?
True
Is 150932 a multiple of 24?
False
Is 220902 a multiple of 33?
True
Is 1142658 a multiple of 16?
False
Is 21 a factor of 3062?
False
Is 1608380 a multiple of 11?
False
Is 4021664 a multiple of 1744?
True
Is 17 a factor of 337840?
False
Is 102 a factor of 1399134?
True
Is 464550 a multiple of 190?
True
Is 380790 a multiple of 30?
True
Is 44820 a multiple of 105?
False
Is 197984 a multiple of 368?
True
Does 77 divide 301147?
True
Is 13050639 a multiple of 163?
False
Is 6758745 a multiple of 5?
True
Is 23940 a multiple of 9?
True
Is 9303000 a multiple of 14?
True
Is 1967 a factor of 3456429?
False
Does 214 divide 93017?
False
Is 8 a factor of 81448?
True
Does 123 divide 788922?
True
Is 30 a factor of 946354?
False
Is 8 a factor of 16790?
False
Is 188 a factor of 506550?
False
Does 32 divide 12335168?
True
Is 1227764 a multiple of 20?
False
Is 5 a factor of 119745?
True
Is 268 a factor of 2816412?
True
Is 993891 a multiple of 11?
False
Is 498212 a multiple of 71?
False
Is 80040 a multiple of 15?
True
Is 15 a factor of 552676?
False
Is 20 a factor of 88559?
False
Is 190936 a multiple of 8?
True
Does 299 divide 84419?
False
Is 8 a factor of 2881226?
False
Is 214 a factor of 399752?
True
Is 3986596 a multiple of 376?
False
Is 33 a factor of 373494?
True
Does 118 divide 63146?
False
Is 60549 a multiple of 8?
False
Is 477 a factor of 363264?
False
Does 4 divide 943988?
True
Is 14 a factor of 750345?
False
Is 179 a factor of 254001?
True
Does 32 divide 1334688?
True
Does 217 divide 260564?
False
Does 152 divide 699808?
True
Is 69720 a multiple of 84?
True
Does 20 divide 301250?
False
Is 1824108 a multiple of 858?
True
Is 4 a factor of 1566362?
False
Is 6823613 a multiple of 990?
False
Is 144 a factor of 4356913?
False
Does 11 divide 120506?
False
Does 61 divide 486780?
True
Is 14 a factor of 13678?
True
Is 16 a factor of 510458?
False
Is 18342 a multiple of 65?
False
Is 71 a factor of 116293?
False
Is 320905 a multiple of 10?
False
Does 8 divide 7813295?
False
Is 100 a factor of 310745?
False
Is 26 a factor of 1066624?
True
Is 122078 a multiple of 5?
False
Is 492 a factor of 5418396?
True
Does 87 divide 235248?
True
Is 1100056 a multiple of 267?
False
Does 1085 divide 2630820?
False
Does 44 divide 9773060?
True
Is 79900 a multiple of 170?
True
Does 925 divide 3064472?
False
Is 80197 a multiple of 31?
True
Is 12105828 a multiple of 36?
True
Does 12 divide 140255?
False
Is 124799 even?
False
Does 19 divide 287489?
True
Does 9 divide 61515?
True
Is 134 a factor of 104654?
True
Is 5826597 a multiple of 859?
True
Does 46 divide 24886?
True
Is 243 a factor of 174474?
True
Does 32 divide 11619242?
False
Is 52 a factor of 214188?
True
Is 396 a factor of 4245516?
True
Does 9 divide 867177?
True
Is 155 a factor of 936204?
False
Does 59 divide 1615184?
True
Is 97935 a multiple of 5?
True
Does 120 divide 15480?
True
Does 13 divide 8694296?
True
Is 4709320 a multiple of 616?
True
Is 342838 a multiple of 29?
True
Does 267 divide 11100?
False
Does 431 divide 1146327?
False
Does 1189 divide 5424218?
True
Does 1048 divide 2786632?
True
Is 1196544 a multiple of 328?
True
Does 87 divide 474150?
True
Does 458 divide 3881550?
True
Does 21 divide 1214829?
True
Is 15266000 a multiple of 17?
True
Is 10 a factor of 3912860?
True
Is 14 a factor of 23366?
True
Does 60 divide 1198585?
False
Does 97 divide 203360?
False
Does 296 divide 4512520?
True
Is 151602 a multiple of 4?
False
Does 18 divide 2526818?
False
Is 187 a factor of 68175?
False
Does 110 divide 143330?
True
Does 215 divide 573620?
True
Does 604 divide 3820217?
False
Is 493 a factor of 2318165?
False
Does 33 divide 19168214?
False
Is 1895369 a multiple of 329?
True
Is 2 a factor of 1633?
False
Is 36 a factor of 5639925?
False
Is 34 a factor of 1202771?
False
Is 236 a factor of 345381?
False
Does 302 divide 1736802?
True
Is 53053 a multiple of 53?
True
Does 729 divide 587731?
False
Does 265 divide 2583750?
True
Is 44 a factor of 75328?
True
Does 141 divide 3669763?
False
Does 7 divide 175203?
True
Is 3 a factor of 120736?
False
Is 380688 a multiple of 88?
True
Is 17 a factor of 964257?
True
Is 1051960 a multiple of 15?
False
Is 17717112 a multiple of 24?
True
Is 5994446 a multiple of 17?
False
Does 844 divide 2588882?
False
Does 787 divide 1579509?
True
Does 5 divide 114585?
True
Is 15 a factor of 268800?
True
Is 10381356 a multiple of 141?
False
Does 8 divide 7664761?
False
Is 262262 a multiple of 22?
True
Is 55 a factor of 1111786?
False
Is 42 a factor of 358470?
True
Is 181 a factor of 13256621?
True
Is 313876 a multiple of 168?
False
Is 2856660 a multiple of 940?
True
Does 12 divide 184860?
True
Is 9481534 a multiple of 1162?
False
Is 265630 a multiple of 202?
True
Is 30 a factor of 338065?
False
Is 196600 a multiple of 6?
False
Is 11 a factor of 5645662?
True
Is 22 a factor of 23628?
True
Is 19 a factor of 292467?
True
Is 26538076 a multiple of 23?
False
Is 160930 a multiple of 95?
True
Is 2686 a multiple of 158?
True
Does 42 divide 214279?
False
Is 224016 a multiple of 718?
True
Is 11 a factor of 455133?
False
Is 1462 a factor of 5179866?
True
Is 2 a factor of 5913?
False
Does 36 divide 675468?
True
Is 1465132 a multiple of 106?
True
Does 18 divide 69192?
True
Is 792715 a multiple of 6?
False
Is 1790836 a multiple of 241?
False
Does 14 divide 6905444?
True
Is 8642949 a multiple of 278?
False
Does 71 divide 1136?
True
Is 6373 a multiple of 204?
False
Does 3 divide 660564?
True
Is 1103 a factor of 3728140?
True
Is 7 a factor of 2362634?
False
Is 37587 a multiple of 187?
True
Does 6 divide 2569288?
False
Does 25 divide 25187?
False
Is 15899750 a multiple of 118?
False
Is 587576 a multiple of 44?
True
Does 198 divide 3630528?
True
Is 318 a factor of 266241?
False
Is 389471 a multiple of 67?
True
Does 152 divide 987848?
True
Does 22 divide 1916948?
True
Is 748 a factor of 5149839?
False
Does 13 divide 1288305?
False
Is 50 a factor of 2465700?
True
Is 639 a multiple of 118?
False
Is 401 a factor of 4162309?
False
Is 208 a factor of 5852704?
True
Is 2086767 a multiple of 391?
True
Does 236 divide 370048?
True
Is 928 a factor of 6467232?
True
Is 23 a factor of 114540?
True
Is 19 a factor of 9513566?
True
Is 5079723 a multiple of 16?
False
Is 13101732 a multiple of 192?
False
Does 243 divide 1305882?
True
Is 433653 a multiple of 592?
False
Does 27 divide 22410?
True
Does 9 divide 3919518?
True
Does 39 divide 4798521?
True
Is 27145 a multiple of 4?
False
Does 139 divide 370296?
True
Is 138563 a multiple of 153?
False
Is 268716 a multiple of 84?
True
Is 70603 a multiple of 13?
True
Is 7 a factor of 182361?
False
Is 38492 a multiple of 113?
False
Does 216 divide 2102976?
True
Is 325208 a multiple of 13?
True
Is 2844666 a multiple of 66?
True
Is 56 a factor of 2091264?
True
Does 5 divide 68686?
False
Is 246316 a multiple of 9?
False
Does 35 divide 3173520?
True
Is 187 a factor of 124237?
False
Does 28 divide 4390973?
False
Does 14 divide 1419208?
True
Does 5 divide 